{"id":20,"date":"2014-07-09T15:49:47","date_gmt":"2014-07-09T15:49:47","guid":{"rendered":"http:\/\/192.168.1.104\/restaurant\/?page_id=18"},"modified":"2023-12-18T17:01:08","modified_gmt":"2023-12-18T17:01:08","slug":"locations","status":"publish","type":"page","link":"https:\/\/nectar.cat\/?page_id=20","title":{"rendered":"Contactar"},"content":{"rendered":"<\/div><\/div><\/div><!-- close content main div --><\/div><\/div><div id='av_section_1' class='avia-section main_color avia-section-default avia-no-shadow avia-bg-style-parallax avia-full-stretch av-parallax-section  av-minimum-height av-minimum-height-custom container_wrap sidebar_right'  data-section-bg-repeat='stretch' ><div class='av-parallax  avia-full-stretch' data-avia-parallax-ratio='0.3' style = 'background-repeat: no-repeat; background-image: url(https:\/\/nectar.cat\/wp-content\/uploads\/2014\/07\/eDLHCtzRR0yfFtU0BQar_sylwiabartyzel_themap-1030x680.jpg); background-attachment: scroll; background-position: bottom center; ' ><\/div><div class='container' style='height:250px'><div class='template-page content  av-content-small alpha units'><div class='post-entry post-entry-type-page post-entry-20'><div class='entry-content-wrapper clearfix'>\n<div style='padding-bottom:0px;color:#ffffff;font-size:40px;' class='av-special-heading av-special-heading-h3 custom-color-heading blockquote modern-quote  av-thin-font av-inherit-size'><h3 class='av-special-heading-tag'  itemprop=\"headline\"  >On <strong>estem?<\/strong><\/h3><div class ='av-subheading av-subheading_below av_custom_color' style='font-size:18px;'><p>Cass\u00e0 de la Selva<br \/>\n972460041 \u2013 972460108<\/p>\n<\/div><div class='special-heading-border'><div class='special-heading-inner-border' style='border-color:#ffffff'><\/div><\/div><\/div>\n<\/div><\/div><\/div><!-- close content main div --><\/div><\/div><div id='after_section_1' class='main_color container_wrap sidebar_right'   ><div class='container' ><div class='template-page content  av-content-small alpha units'><div class='post-entry post-entry-type-page post-entry-20'><div class='entry-content-wrapper clearfix'>\n<div class=\"flex_column av_one_half first  \"><p><article class=\"iconbox iconbox_left  \"  itemscope=\"itemscope\" itemtype=\"https:\/\/schema.org\/CreativeWork\" ><div class=\"iconbox_content\"><header class=\"entry-content-header\"><div class=\"iconbox_icon heading-color\" aria-hidden='true' data-av_icon='\ue808' data-av_iconfont='entypo-fontello'  ><\/div><h3 class='iconbox_content_title'  itemprop=\"headline\"  >N\u00e8ctar Cass\u00e0 Botiga Centen\u00e0ria<\/h3><\/header><div class='iconbox_content_container '  itemprop=\"text\"  ><p>Cass\u00e0 de la Selva<\/p>\n<p>Mel, 21<br \/>\n<strong>Telf.&nbsp;972460041<\/strong><\/p>\n<\/div><\/div><footer class=\"entry-footer\"><\/footer><\/article><br \/>\n<section class=\"av_textblock_section\"  itemscope=\"itemscope\" itemtype=\"https:\/\/schema.org\/CreativeWork\" ><div class='avia_textblock '   itemprop=\"text\" ><p><iframe loading=\"lazy\" style=\"border: 0;\" src=\"https:\/\/www.google.com\/maps\/embed?pb=!1m18!1m12!1m3!1d2970.186316796802!2d2.8730755154303855!3d41.88884997922134!2m3!1f0!2f0!3f0!3m2!1i1024!2i768!4f13.1!3m3!1m2!1s0x12bae20c81201af1%3A0x93e7043b36f7dc2b!2sFleca%20pastisseria%20N%C3%A8ctar!5e0!3m2!1ses!2ses!4v1664543097742!5m2!1ses!2ses\" width=\"600\" height=\"450\" allowfullscreen=\"allowfullscreen\"><\/iframe><\/p>\n<\/div><\/section><\/p><\/div><div class=\"flex_column av_one_half   \"><p><article class=\"iconbox iconbox_left  \"  itemscope=\"itemscope\" itemtype=\"https:\/\/schema.org\/CreativeWork\" ><div class=\"iconbox_content\"><header class=\"entry-content-header\"><div class=\"iconbox_icon heading-color\" aria-hidden='true' data-av_icon='\ue808' data-av_iconfont='entypo-fontello'  ><\/div><h3 class='iconbox_content_title'  itemprop=\"headline\"  >N\u00e8ctar Cass\u00e0<\/h3><\/header><div class='iconbox_content_container '  itemprop=\"text\"  ><p>Cass\u00e0 de la Selva<\/p>\n<p>L\u2019Esport, 17<br \/>\n<strong>Telf. 972460108<\/strong><\/p>\n<\/div><\/div><footer class=\"entry-footer\"><\/footer><\/article><br \/>\n<section class=\"av_textblock_section\"  itemscope=\"itemscope\" itemtype=\"https:\/\/schema.org\/CreativeWork\" ><div class='avia_textblock '   itemprop=\"text\" ><p><iframe loading=\"lazy\" style=\"border: 0;\" src=\"https:\/\/www.google.com\/maps\/embed?pb=!1m18!1m12!1m3!1d2970.368583189133!2d2.875929215430281!3d41.884929679221585!2m3!1f0!2f0!3f0!3m2!1i1024!2i768!4f13.1!3m3!1m2!1s0x12bae27549d4df61%3A0x5ce3758e4f4ffcab!2sCarrer%20de%20l'Esport%2C%2017%2C%2017244%20Cass%C3%A0%20de%20la%20Selva%2C%20Girona!5e0!3m2!1ses!2ses!4v1664543326159!5m2!1ses!2ses\" width=\"600\" height=\"450\" allowfullscreen=\"allowfullscreen\"><\/iframe><\/p>\n<\/div><\/section><\/p><\/div><\/div><\/div><\/div><!-- close content main div --><\/div><\/div><div id='av_section_2' class='avia-section alternate_color avia-section-default avia-no-shadow avia-bg-style-scroll  container_wrap sidebar_right'   ><div class='container' ><div class='template-page content  av-content-small alpha units'><div class='post-entry post-entry-type-page post-entry-20'><div class='entry-content-wrapper clearfix'>\n<div class=\"flex_column av_one_half first  \"><p><div class='avia-image-container avia_animated_image avia_animate_when_almost_visible pop-up av-styling-  avia-align-center '  itemscope=\"itemscope\" itemtype=\"https:\/\/schema.org\/ImageObject\"  ><div class='avia-image-container-inner'><img class='avia_image ' src='https:\/\/nectar.cat\/wp-content\/uploads\/2014\/07\/DSC_0251.jpg' alt='' title='DSC_0251'   itemprop=\"contentURL\"  \/><\/div><\/div><br \/>\n<article class=\"iconbox iconbox_top main_color  \"  itemscope=\"itemscope\" itemtype=\"https:\/\/schema.org\/CreativeWork\" ><div class=\"iconbox_content\"><header class=\"entry-content-header\"><div class=\"iconbox_icon heading-color\" aria-hidden='true' data-av_icon='\ue854' data-av_iconfont='entypo-fontello'  ><\/div><h3 class='iconbox_content_title'  itemprop=\"headline\"  ><a href='Tel:+972460041' title='972460041'  >972460041<\/a><\/h3><\/header><div class='iconbox_content_container '  itemprop=\"text\"  ><p><strong>N\u00e8ctar Cass\u00e0<\/strong><br \/>\nMel, 21<br \/>\nCass\u00e0 de la Selva<\/p>\n<\/div><\/div><footer class=\"entry-footer\"><\/footer><\/article><\/p><\/div><div class=\"flex_column av_one_half   \"><p><div class='avia-image-container avia_animated_image avia_animate_when_almost_visible pop-up av-styling-  avia-align-center '  itemscope=\"itemscope\" itemtype=\"https:\/\/schema.org\/ImageObject\"  ><div class='avia-image-container-inner'><img class='avia_image ' src='https:\/\/nectar.cat\/wp-content\/uploads\/2014\/07\/DSC_0246.jpg' alt='' title='DSC_0246'   itemprop=\"contentURL\"  \/><\/div><\/div><br \/>\n<article class=\"iconbox iconbox_top main_color  \"  itemscope=\"itemscope\" itemtype=\"https:\/\/schema.org\/CreativeWork\" ><div class=\"iconbox_content\"><header class=\"entry-content-header\"><div class=\"iconbox_icon heading-color\" aria-hidden='true' data-av_icon='\ue854' data-av_iconfont='entypo-fontello'  ><\/div><h3 class='iconbox_content_title'  itemprop=\"headline\"  ><a href='tel:+972460108' title='972460108'  >972460108<\/a><\/h3><\/header><div class='iconbox_content_container '  itemprop=\"text\"  ><p><strong>N\u00e8ctar Cass\u00e0<\/strong><br \/>\nL\u2019Esport, 17<br \/>\nCass\u00e0 de la Selva<\/p>\n<\/div><\/div><footer class=\"entry-footer\"><\/footer><\/article><\/p><\/div><div class=\"flex_column av_one_half first  \"><p><div style='padding-bottom:10px;' class='av-special-heading av-special-heading-h1     av-thin-font'><h1 class='av-special-heading-tag'  itemprop=\"headline\"  >Per <strong>enc\u00e0rrecs<\/strong><\/h1><div class='special-heading-border'><div class='special-heading-inner-border' ><\/div><\/div><\/div><br \/>\n<section class=\"av_textblock_section\"  itemscope=\"itemscope\" itemtype=\"https:\/\/schema.org\/CreativeWork\" ><div class='avia_textblock '   itemprop=\"text\" ><p>Per enc\u00e0rrecs o m\u00e9s informaci\u00f3 podeu trucar-nos al tel\u00e8fon 972460041 o enviar-nos un correu electr\u00f2nic a <a href=\"mailto:nectar@nectar.cat\">nectar@nectar.cat<\/a>. Tamb\u00e9 ens podeu visitar personalment al nostre obrador de Cass\u00e0 de la Selva.<\/p>\n<\/div><\/section><\/p><\/div><div class=\"flex_column av_one_half   \"><p><div style='padding-bottom:10px;' class='av-special-heading av-special-heading-h1     av-thin-font'><h1 class='av-special-heading-tag'  itemprop=\"headline\"  >Contacti amb <strong>Nosaltres<\/strong><\/h1><div class='special-heading-border'><div class='special-heading-inner-border' ><\/div><\/div><\/div><br \/>\n<form action=\"https:\/\/nectar.cat\/?page_id=20\" method=\"post\" class=\"avia_ajax_form  \" data-avia-form-id=\"1\" data-avia-redirect=''><fieldset><p class=' first_form  form_element form_element_half' id='element_avia_nom_1'><label for=\"avia_nom_1\">Nom <abbr class=\"required\" title=\"required\">*<\/abbr><\/label> <input name=\"avia_nom_1\" class=\"text_input is_empty\" type=\"text\" id=\"avia_nom_1\" value=\"\"\/><\/p><p class=' form_element form_element_half' id='element_avia_e-mail_1'><label for=\"avia_e-mail_1\">E-Mail <abbr class=\"required\" title=\"required\">*<\/abbr><\/label> <input name=\"avia_e-mail_1\" class=\"text_input is_email\" type=\"text\" id=\"avia_e-mail_1\" value=\"\"\/><\/p><p class=' first_form  form_element form_fullwidth' id='element_avia_asumpte_1'><label for=\"avia_asumpte_1\">Asumpte <abbr class=\"required\" title=\"required\">*<\/abbr><\/label> <input name=\"avia_asumpte_1\" class=\"text_input is_empty\" type=\"text\" id=\"avia_asumpte_1\" value=\"\"\/><\/p><p class=' first_form  form_element form_fullwidth' id='element_avia_missatge_1'>\t <label for=\"avia_missatge_1\" class=\"textare_label hidden textare_label_avia_missatge_1\">Missatge <abbr class=\"required\" title=\"required\">*<\/abbr><\/label>\t <textarea name=\"avia_missatge_1\" class=\"text_area is_empty\" cols=\"40\" rows=\"7\" id=\"avia_missatge_1\" ><\/textarea><\/p><p class=\"hidden\"><input type=\"text\" name=\"avia_avia_username_1\" class=\"hidden \" id=\"avia_avia_username_1\" value=\"\" \/><\/p><p class=\"form_element \"><input type=\"hidden\" value=\"1\" name=\"avia_generated_form1\" \/><input type=\"submit\" value=\"Enviar\" class=\"button\"  data-sending-label=\"Sending\"\/><\/p><\/fieldset><\/form><div id=\"ajaxresponse_1\" class=\"ajaxresponse ajaxresponse_1 hidden\"><\/div><\/p><\/div>\n<\/div><\/div><\/div><!-- close content main div --><\/div><\/div><div id='after_section_2' class='main_color container_wrap sidebar_right'   ><div class='container' ><div class='template-page content  av-content-small alpha units'><div class='post-entry post-entry-type-page post-entry-20'><div class='entry-content-wrapper clearfix'><\/p>\n","protected":false},"excerpt":{"rendered":"","protected":false},"author":1,"featured_media":0,"parent":0,"menu_order":0,"comment_status":"open","ping_status":"open","template":"","meta":[],"_links":{"self":[{"href":"https:\/\/nectar.cat\/index.php?rest_route=\/wp\/v2\/pages\/20"}],"collection":[{"href":"https:\/\/nectar.cat\/index.php?rest_route=\/wp\/v2\/pages"}],"about":[{"href":"https:\/\/nectar.cat\/index.php?rest_route=\/wp\/v2\/types\/page"}],"author":[{"embeddable":true,"href":"https:\/\/nectar.cat\/index.php?rest_route=\/wp\/v2\/users\/1"}],"replies":[{"embeddable":true,"href":"https:\/\/nectar.cat\/index.php?rest_route=%2Fwp%2Fv2%2Fcomments&post=20"}],"version-history":[{"count":37,"href":"https:\/\/nectar.cat\/index.php?rest_route=\/wp\/v2\/pages\/20\/revisions"}],"predecessor-version":[{"id":1272,"href":"https:\/\/nectar.cat\/index.php?rest_route=\/wp\/v2\/pages\/20\/revisions\/1272"}],"wp:attachment":[{"href":"https:\/\/nectar.cat\/index.php?rest_route=%2Fwp%2Fv2%2Fmedia&parent=20"}],"curies":[{"name":"wp","href":"https:\/\/api.w.org\/{rel}","templated":true}]}}